523, 69073
List the prime factors of 122990382.
2, 3, 19, 359621
List the prime factors of 24934429.
13, 147541
What are the prime factors of 2253202513?
47, 347, 138157
List the prime factors of 112819592.
2, 14102449
List the prime factors of 16495983.
3, 7, 29, 9029
List the prime factors of 6834589.
233, 29333
List the prime factors of 460195762.
2, 13, 193, 293, 313
What are the prime factors of 3853498374?
2, 3, 11, 809
What are the prime factors of 150942195?
3, 5, 1663, 2017
What are the prime factors of 1468558401?
3, 8933, 54799
What are the prime factors of 815158979?
815158979
List the prime factors of 263841893.
7, 71, 530869
What are the prime factors of 1468571350?
2, 5, 17, 239, 7229
List the prime factors of 37440760.
2, 5, 7, 133717
List the prime factors of 723859125.
3, 5, 11, 175481
List the prime factors of 25269679.
25269679
What are the prime factors of 198542062?
2, 29, 3423139
List the prime factors of 322896512.
2, 2522629
List the prime factors of 68317457.
13, 59, 89071
List the prime factors of 80587102.
2, 191, 210961
List the prime factors of 72988282.
2, 41, 113, 7877
List the prime factors of 4737454517.
11069, 427993
What are the prime factors of 1227143767?
2113, 580759
List the prime factors of 1344821501.
19, 70780079
What are the prime factors of 666530407?
17, 103, 380657
List the prime factors of 110743688.
2, 11, 1258451
List the prime factors of 14209208.
2, 13, 317, 431
What are the prime factors of 1405757865?
3, 5, 1543, 60737
List the prime factors of 90225786.
2, 3, 7, 29, 74077
List the prime factors of 178171016.
2, 17, 43, 30467
List the prime factors of 164773165.
5, 601, 54833
List the prime factors of 325547683.
8467, 38449
What are the prime factors of 586773881?
586773881
List the prime factors of 2660999059.
2660999059
What are the prime factors of 57342366?
2, 3, 103, 157, 197
List the prime factors of 93315545.
5, 18663109
What are the prime factors of 628813346?
2, 7, 71, 632609
List the prime factors of 833026562.
2, 311, 1039, 1289
List the prime factors of 66983138.
2, 33491569
List the prime factors of 21337726.
2, 107, 99709
What are the prime factors of 453253569?
3, 19, 73, 108929
What are the prime factors of 40626980?
2, 5, 281, 7229
What are the prime factors of 1499698028?
2, 374924507
List the prime factors of 5348625630.
2, 3, 5, 178287521
What are the prime factors of 409007551?
23, 17782937
What are the prime factors of 2132177?
2132177
What are the prime factors of 181831649?
43, 809, 5227
What are the prime factors of 264647028?
2, 3, 877, 25147
List the prime factors of 18621694.
2, 7, 13, 102317
What are the prime factors of 61767512?
2, 23, 335693
What are the prime factors of 82527717?
3, 27509239
What are the prime factors of 49030289?
7, 11, 107, 541
What are the prime factors of 105934763?
11, 1663, 5791
What are the prime factors of 163545581?
59, 2771959
What are the prime factors of 3768446136?
2, 3, 7, 13, 246497
List the prime factors of 3108057669.
3, 115113247
What are the prime factors of 1432621493?
23, 62287891
What are the prime factors of 15450188?
2, 13, 79, 3761
What are the prime factors of 463082104?
2, 57885263
List the prime factors of 122117546.
2, 61058773
What are the prime factors of 704261834?
2, 9413, 37409
List the prime factors of 6944088.
2, 3, 41, 7057
What are the prime factors of 361047191?
151, 2391041
List the prime factors of 22869610.
2, 5, 2286961
What are the prime factors of 50874027?
3, 16958009
What are the prime factors of 98882602?
2, 7, 13, 543311
What are the prime factors of 32810487?
3, 10936829
List the prime factors of 141538103.
7, 47, 67, 6421
What are the prime factors of 873564498?
2, 3, 48531361
List the prime factors of 3749206740.
2, 3, 5, 62486779
What are the prime factors of 569229611?
569229611
What are the prime factors of 12552973?
12552973
What are the prime factors of 55755706?
2, 27877853
List the prime factors of 219416562.
2, 3, 12189809
What are the prime factors of 1949390937?
3, 13, 19, 673, 1303
What are the prime factors of 98220261?
3, 32740087
List the prime factors of 808274766.
2, 3, 13, 61, 257, 661
What are the prime factors of 130496379?
3, 13, 3346061
List the prime factors of 106240457.
19, 89, 62827
What are the prime factors of 181065996?
2, 3, 47, 35671
List the prime factors of 4840227609.
3, 7, 181, 1273409
List the prime factors of 492593350.
2, 5, 9851867
What are the prime factors of 377954416?
2, 7, 439, 7687
List the prime factors of 130028301.
3, 13, 370451
List the prime factors of 26245992.
2, 3, 19, 57557
What are the prime factors of 34806839?
34806839
What are the prime factors of 8944817?
7, 43, 29717
List the prime factors of 1535014182.
2, 3, 13, 19679669
What are the prime factors of 19441115?
5, 17, 439, 521
List the prime factors of 24329788.
2, 7, 17, 79, 647
List the prime factors of 121123409.
11, 1699, 6481
List the prime factors of 1991076410.
2, 5, 349, 570509
List the prime factors of 444064637.
19, 23371823
List the prime factors of 48026895.
3, 5, 7, 457399
What are the prime factors of 655947124?
2, 7, 3346669
List the prime factors of 358783061.
7, 13, 19, 207509
What are the prime factors of 5242966392?
2, 3, 218456933
What are the prime factors of 1422959120?
2, 5, 11, 41, 39439
What are the prime factors of 207863396?
2, 13, 613, 6521
What are the prime factors of 58554765?
3, 5, 41, 71, 149
List the prime factors of 5148550254.
2, 3, 109, 307, 25643
What are the prime factors of 3046857711?
3, 29, 1103, 31751
What are the prime factors of 1050006981?
3, 43, 8139589
What are the prime factors of 104495954?
2, 71, 761, 967
What are the prime factors of 473202656?
2, 53, 59, 4729
What are the prime factors of 47024928?
2, 3, 37, 1471
List the prime factors of 474998949.
3, 52777661
What are the prime factors of 393723653?
31, 47, 270229
List the prime factors of 362681361.
3, 7, 281, 6829
What are the prime factors of 174368542?
2, 87184271
List the prime factors of 3022257934.
2, 1511128967
List the prime factors of 278289084.
2, 3, 23190757
List the prime factors of 5489269390.
2, 5, 11, 2437, 20477
What are the prime factors of 4117915407?
3, 29, 37, 1279253
List the prime factors of 132495626.
2, 19, 3486727
What are the prime factors of 41765900?
2, 5, 11, 43, 883
What are the prime factors of 5634950423?
29753, 189391
List the prime factors of 716194327.
716194327
List the prime factors of 365417935.
5, 73083587
List the prime factors of 193416415.
5, 139, 397, 701
List the prime factors of 40158720.
2, 3, 5, 7, 83
What are the prime factors of 3219982368?
2, 3, 33541483
List the prime factors of 56002257.
3, 6222473
What are the prime factors of 363013193?
31, 11710103
What are the prime factors of 27544711?
271, 101641
List the prime factors of 41458604.
2, 11, 23, 71, 577
List the prime factors of 27415592.
2, 3426949
List the prime factors of 8373956.
2, 2093489
List the prime factors of 4766774866.
2, 7, 340483919
List the prime factors of 3974033305.
5, 11, 17, 4250303
List the prime factors of 332133159.
3, 110711053
List the prime factors of 251804721.
3, 7, 37, 324073
What are the prime factors of 245475703?
11, 22315973
List the prime factors of 53880119.
2539, 21221
List the prime factors of 244974685.
5, 103, 475679
List the prime factors of 722395742.
2, 29, 67, 185897
What are the prime factors of 764661721?
37, 20666533
List the prime factors of 1339507799.
7, 31, 6172847
List the prime factors of 140291104.
2, 4384097
List the prime factors of 85956073.
7, 12279439
What are the prime factors of 381810485?
5, 7, 10908871
What are the prime factors of 396300761?
263, 673, 2239
List the prime factors of 7347927775.
5, 571, 514741
List the prime factors of 1920958961.
103, 18650087
List the prime factors of 136769646.
2, 3, 13, 67, 26171
What are the prime factors of 55225074?
2, 3, 31, 296909
What are the prime factors of 24530392?
2, 107, 28657
List the prime factors of 98051042.
2, 49025521
What are the prime factors of 966657152?
2, 139, 54331
What are the prime factors of 725838596?
2, 7, 17, 1524871
List the prime factors of 213056144.
2, 7, 1902287
What are the prime factors of 12190876?
2, 1069, 2851
What are the prime 